e tens digit of g(16)?
0
What is the ten thousands digit of (16/48 - (-478)/(-12))/(13/(-13936))?
4
Suppose -5*t + 73 = -p + 16, t - 1 = -5*p. Suppose -286 - t = -i. What is the hundreds digit of i?
2
Let j(p) = p**2 + 2*p - 20. Suppose z = -0*z - 4*y + 15, -5*y + 6 = -3*z. Let w be (-10)/z*(0 - 3). What is the hundreds digit of j(w)?
1
Suppose 10496 = 5*m - 1189. Let b = -1489 + m. Suppose 7*n - b = -n. What is the units digit of n?
6
Suppose -28*o - 14*o + 15312 = -18*o. What is the units digit of o?
8
Let l(c) = -2*c - 3 - 10 + c - 7. Let k be l(-21). What is the tens digit of (-10 - -81) + -3 + 2/k?
7
Let r(f) = -3*f**3 + 2*f + 1. Let n = 29 - 21. Suppose -2*d + 4*d + n = 0. What is the hundreds digit of r(d)?
1
Let y(f) be the second derivative of -f**3/3 - 25*f**2/2 - 14*f. Let v be y(-23). Suppose -60 = -v*t + 18*t. What is the units digit of t?
0
Suppose 2*v + 3*b + 2337 - 398 = 0, -3*b = -9. Let c = 1750 + v. What is the hundreds digit of c?
7
Let l be ((-2)/(-3))/(6/9). Let m be 4*(-14)/196 + (-737)/(-7). What is the hundreds digit of (l + -3)*m*4/(-8)?
1
Let c(t) = -27*t - 12. Let h(g) = -g - 2. Let a(b) = -3*c(b) + 6*h(b). What is the hundreds digit of a(8)?
6
Suppose 0 = -76*x + 1374475 + 2873. What is the units digit of x?
3
Suppose -3*i + 28 - 16 = 0. Let w(v) = -5*v**3 + 48 + i*v**3 - v - 2*v**2 + 129 + v**2. What is the units digit of w(0)?
7
Suppose 3*l - y - 406 = 2337, 0 = l + 4*y - 897. Suppose 16*m - 17*m + l = 0. What is the tens digit of m?
1
Let t(a) = 0 + 3 + 138*a - 137*a - 4. Let z(m) = 8*m - 15. Let g(y) = 2*t(y) + z(y). What is the units digit of g(2)?
3
What is the thousands digit of 15538 + 369/63 + (5 - 1)/28?
5
Let v(u) be the first derivative of -u**4/4 + 8*u**3/3 - u**2/2 + 5*u - 3. Let p be v(8). Let k(b) = -3*b**3 - 5*b**2 - 7*b. What is the units digit of k(p)?
7
Let g = -11 + -14. Let z = -23 - g. Suppose -z*q = -6*q + 560. What is the tens digit of q?
4
Let y(c) be the first derivative of c**3 + 9*c + 15. Let l be y(9). What is the units digit of 1/(l/(-255) - -1)?
5
Let b be -1*(-8)/4 + 1. Let l be (-6)/(-3) - (-2 + (3 - b)). Suppose l*s - 2*s - 188 = 0. What is the units digit of s?
4
Let y = 4142 - 1465. What is the tens digit of y?
7
Suppose z - 282 = 884. Suppose 5*p = y + 21, 5*y + 186 = -4*p + 168. Suppose -5*n + z = -s, 0 = -p*n - 2*s - 3*s + 694. What is the hundreds digit of n?
2
Suppose -n + 4882 = s - 945, 23292 = 4*s + 12*n. What is the units digit of s?
9
Suppose -91*a + 92*a - 5*q - 16 = 0, 0 = -2*a - 2*q - 16. Let t(y) = 16*y - 2. Let d(s) = -s. Let j(i) = 10*d(i) - 2*t(i). What is the hundreds digit of j(a)?
1
Let h = 390 + 3580. What is the thousands digit of h?
3
Let o = 920 - 917. Suppose -5*n - o*p + 9869 = 0, 5*n - 37*p + 32*p = 9845. What is the thousands digit of n?
1
What is the hundreds digit of 10234/301*(-674)/(-4)?
7
Let o = 536 + -538. Let d(r) = 178*r**2 + 10*r + 24. What is the units digit of d(o)?
6
Suppose -313 - 4038 = -s. Suppose s + 4319 = 10*l. What is the units digit of l?
7
Suppose 3*t = 39*k - 42*k + 105471, -3*t - 70269 = -2*k. What is the thousands digit of k?
5
Suppose -4*u - 28 = -0. Let v be (-1)/4 + ((-1708)/16)/u. Suppose 13*r - v*r = -202. What is the units digit of r?
1
Suppose 2*g = -2*l + 10536, -g + 545 = 4*l - 4741. What is the units digit of g?
2
Let r = 45 + -42. Let p(o) = -7*o**3 + 0*o**3 - o**r + o**2 + 23*o**3 - 1. What is the units digit of p(1)?
5
Suppose 3*q - 2 = -23. Let s(n) = n**2 + 7*n + 15. Let l be s(q). Suppose l*k = 13*k + 372. What is the tens digit of k?
8
Suppose 891*l - 3*x + 4156 = 893*l, 0 = 2*l - 5*x - 4172. What is the thousands digit of l?
2
Suppose 6*m - 4*m + 3*x = 310, 606 = 4*m - x. Suppose -160 - m = 4*l. What is the hundreds digit of -3 + (-123)/(-39) + (-14886)/l?
1
Let f = 378 + -354. What is the hundreds digit of 162/f - 7 - 2645/(-4)?
6
Let r(o) = -o**2 - o + 9. Let t be r(-3). Suppose 3 - 6 = -t*s, -3*s + 5688 = 5*g. What is the tens digit of g?
3
Suppose 15*c - 2160 = 5*c. Let j = c - -147. What is the hundreds digit of j?
3
Let x(u) = -u + 2. Let o be x(-4). Let g(a) = 2*a**2 - 3*a - 4. Let n be g(o). Suppose -4*b = b - n. What is the units digit of b?
0
What is the units digit of ((-5580)/70)/(2452/616 - 4) + -6?
6
Let g be (-4 + (3 - 1))/(-1) + -201. Let b = 368 + g. What is the tens digit of b?
6
Let p = 399 + -389. What is the tens digit of ((-265)/p)/((-5)/10)?
5
Suppose -3*r = -9, -5*r + 13 - 4 = 3*u. What is the hundreds digit of u/21 - (-290925)/567?
5
Let q(a) = -a**3 + 4*a**2 - 6*a + 3. Let b be q(2). Let p be (-5 - (-5 + b))*-3. What is the units digit of (-2)/p*5976/48?
3
Suppose -13*n = -30*n + 52054. Suppose -19*s + 11346 = n. What is the units digit of s?
6
Let i(w) = -438*w - 4. Let s be i(-3). Suppose -11*d - s = -d. Let m = d - -290. What is the tens digit of m?
5
Suppose -2*k = 10, -3*q + 5*k - 4 = -41. Let p be 3/((-6)/(-2) + 0). What is the hundreds digit of p - q - (-125 + -5 - 6)?
1
Let q(b) = b**2 + 29*b - 47. Let p(r) = -2*r**2 - 57*r + 95. Let n(k) = -4*p(k) - 9*q(k). What is the units digit of n(-15)?
3
Suppose -i - 5545 = -4*t, 0 = -2*t + 3*i + 1788 + 987. What is the tens digit of (36/(-42))/((-3)/t)?
9
Suppose 3804200 = -67*i + 267*i. What is the hundreds digit of i?
0
What is the units digit of (252/(-8))/(-21)*(1 + 785)?
9
Suppose -11*y + 6*y + 15 = 0. Suppose -5*p - 1047 = -4*q, -p - 789 = -y*q + 4*p. What is the tens digit of q?
5
Suppose 5*z - 45 = -5*q, -4*q - 2*z - 10 = -6*q. Let s be ((-6)/2 - 0) + q - 4. What is the units digit of (-2)/((-12)/(-18)) - (s - 50)?
7
Let u be (-30236)/(-18) + 2/(-54)*-6. Suppose 7*n - 2*n + u = 4*a, -3*a + 1263 = -3*n. What is the hundreds digit of a?
4
Suppose -3*d - 60 = t, 0 = -5*t - 0*d + 2*d - 249. Let v = t - -159. Suppose -8*p = -12*p + v. What is the tens digit of p?
2
Let v(q) = 486*q - 1020. What is the tens digit of v(7)?
8
Suppose 3*c - 28833 = -5*k, 331 = -c + 337. What is the thousands digit of k?
5
What is the units digit of (3120 - 2/(-2)) + (-40)/(-4)?
1
Let g be (10 + -1744)/(1/(-1 - 1)). Suppose 0 = 8*r + 4*r - g. What is the units digit of r?
9
What is the tens digit of -1065*(24/(-3) + 6 + -3)?
2
Let w = 753 - 359. Suppose 3*n - w - 281 = 0. What is the hundreds digit of n?
2
Suppose 4*r - 41 = -33. Suppose -4 = 4*f, r*j + 2*f = -2*j + 2282. What is the units digit of j?
1
Let p be (-355)/426 - (-35)/6. What is the tens digit of 3462/12 - p/(-10)?
8
Suppose 18250 = 9*i - 38163 + 8470. What is the thousands digit of i?
5
Let c be -1 - (-15)/((-25)/5) - -5833. Suppose -3*f - 5*s + 9*s = -c, 2*f + 5*s - 3886 = 0. What is the tens digit of f?
4
Let q = -6363 - -8006. What is the tens digit of q?
4
Let b(g) = -15*g + 109. Let w be b(7). Suppose -118 = 12*d - 13*d - 5*y, w*d - 4*y - 568 = 0. What is the tens digit of d?
3
Let t be 42211/102 - (26/(-12) - -2). Suppose -6*p + 3090 = t. What is the hundreds digit of p?
4
What is the tens digit of 4/3 + (-12978)/(-189)?
7
Let c(y) = 128*y**2 + 10*y - 15. Suppose 5*o - 44 = 2*p - 38, -5*p - o = -12. What is the hundreds digit of c(p)?
5
Let j be 3/4*7128/243. Suppose 0 = j*k - 23*k + 1443. What is the hundreds digit of k?
4
Let r = 12566 - 5340. What is the thousands digit of r?
7
Let c be (4 + 1)/((-45)/(-18)). Suppose -5*a - 5*h - 5 = 0, -5*h = c*a - 8*h + 7. What is the tens digit of ((-1)/a)/(-1)*-278?
3
Let j(l) = -8*l**2 - l + 2. Let r be j(-2). Let k = 33 + r. Suppose 0 = -k*d + 250 + 160. What is the tens digit of d?
8
Suppose 3*n + 6*y + 12 = 3*y, -n = 4*y + 1. Let k be (-1)/(3/(45/n)). Suppose 2*w + k*i - 179 = 0, 12 + 0 = 4*i. What is the units digit of w?
5
What is the ten thousands digit of (5 + -10)*(-7 + 174/30) - -25762?
2
Suppose 6*c - 94787 = 5*i, -3*c - 5322 = 5*i - 52663. What is the thousands digit of c?
5
Let q be 24280/2 + (-3 - (3 + -8)). Suppose -22*n + q = -9*n. What is the hundreds digit of n?
9
Let v(p) = -2*p**2 - p + 2. Let t be v(4). Let z = -134 - -244. Let n = z + t. What is the tens digit of n?
7
Suppose 8*q - 11*q = 12. What is the units digit of q/(-14) - 2595/(-7)?
1
Suppose -9*j = -10*j + 190. Suppose -j*z + 1448 = -186*z. What is the units digit of z?
2
Let d be (-34)/(-14) - 9/21. Suppose -2*m - m - 2*z = 8, 4 = d*z. Let c = m - -140. What